{"id":8,"date":"2021-03-11T00:49:01","date_gmt":"2021-03-10T23:49:01","guid":{"rendered":"http:\/\/schwabenhilfe.de\/kinder\/?page_id=8"},"modified":"2025-01-31T21:19:04","modified_gmt":"2025-01-31T20:19:04","slug":"die-schwabenhilfe","status":"publish","type":"page","link":"https:\/\/schwabenhilfe.de\/kinder\/","title":{"rendered":"Die Schwabenhilfe"},"content":{"rendered":"<h1 style=\"text-align: center;\" data-tadv-p=\"keep\">Die Schwabenhilfe f\u00fcr Kinder e.V. steht f\u00fcr vorschulische F\u00f6rderung und Integration<\/h1>\n<div class=\"sh-spec-4colums-formart\">\n<div class=\"sh-spec-4colums-inner\">\n<h1>Angebote<\/h1>\n<p><img loading=\"lazy\" decoding=\"async\" class=\"alignnone size-full wp-image-95\" src=\"https:\/\/schwabenhilfe.de\/kinder\/sh-data\/uploads\/shortcut_2.jpg\" alt=\"\" width=\"900\" height=\"675\" srcset=\"https:\/\/schwabenhilfe.de\/kinder\/sh-data\/uploads\/shortcut_2.jpg 900w, https:\/\/schwabenhilfe.de\/kinder\/sh-data\/uploads\/shortcut_2-768x576.jpg 768w, https:\/\/schwabenhilfe.de\/kinder\/sh-data\/uploads\/shortcut_2-300x225.jpg 300w\" sizes=\"auto, (max-width: 900px) 100vw, 900px\" \/><\/p>\n<p style=\"text-align: center;\"><a class=\"sh-button\" href=\"https:\/\/schwabenhilfe.de\/kinder\/foerderangebote-uebersicht\/\">mehr erfahren<\/a><\/p>\n<\/div>\n<div class=\"sh-spec-4colums-inner\">\n<h1>Der Verein &#8211; Wer wir sind<\/h1>\n<p><img loading=\"lazy\" decoding=\"async\" class=\"alignnone size-full wp-image-96\" src=\"https:\/\/schwabenhilfe.de\/kinder\/sh-data\/uploads\/shortcut_1.jpg\" alt=\"\" width=\"900\" height=\"675\" srcset=\"https:\/\/schwabenhilfe.de\/kinder\/sh-data\/uploads\/shortcut_1.jpg 900w, https:\/\/schwabenhilfe.de\/kinder\/sh-data\/uploads\/shortcut_1-768x576.jpg 768w, https:\/\/schwabenhilfe.de\/kinder\/sh-data\/uploads\/shortcut_1-300x225.jpg 300w\" sizes=\"auto, (max-width: 900px) 100vw, 900px\" \/><\/p>\n<p style=\"text-align: center;\"><a class=\"sh-button\" href=\"https:\/\/schwabenhilfe.de\/kinder\/der-verein-wer-wir-sind\/\">mehr erfahren<\/a><\/p>\n<\/div>\n<div class=\"sh-spec-4colums-inner\">\n<h1>Der Vorstand<\/h1>\n<p><img loading=\"lazy\" decoding=\"async\" class=\"alignnone wp-image-302 size-full\" src=\"https:\/\/schwabenhilfe.de\/kinder\/sh-data\/uploads\/sc_der-vorstand.jpg\" alt=\"\" width=\"900\" height=\"600\" srcset=\"https:\/\/schwabenhilfe.de\/kinder\/sh-data\/uploads\/sc_der-vorstand.jpg 900w, https:\/\/schwabenhilfe.de\/kinder\/sh-data\/uploads\/sc_der-vorstand-768x512.jpg 768w\" sizes=\"auto, (max-width: 900px) 100vw, 900px\" \/><\/p>\n<p style=\"text-align: center;\"><a class=\"sh-button\" href=\"https:\/\/schwabenhilfe.de\/kinder\/der-vorstand\/\">mehr erfahren<\/a><\/p>\n<\/div>\n<div class=\"sh-spec-4colums-inner\">\n<h1>Geschichte der SH<\/h1>\n<p><img loading=\"lazy\" decoding=\"async\" class=\"alignnone wp-image-303 size-full\" src=\"https:\/\/schwabenhilfe.de\/kinder\/sh-data\/uploads\/sc_geschichte_der_sh.jpg\" alt=\"\" width=\"900\" height=\"600\" srcset=\"https:\/\/schwabenhilfe.de\/kinder\/sh-data\/uploads\/sc_geschichte_der_sh.jpg 900w, https:\/\/schwabenhilfe.de\/kinder\/sh-data\/uploads\/sc_geschichte_der_sh-768x512.jpg 768w\" sizes=\"auto, (max-width: 900px) 100vw, 900px\" \/><\/p>\n<p style=\"text-align: center;\"><a class=\"sh-button\" href=\"https:\/\/schwabenhilfe.de\/kinder\/geschichte-der-schwabenhilfe-fuer-kinder\/\">mehr erfahren<\/a><\/p>\n<\/div>\n<div class=\"sh-spec-4colums-inner\">\n<h1>Aktuelles<\/h1>\n<p><img loading=\"lazy\" decoding=\"async\" class=\"alignnone wp-image-300 size-full\" src=\"https:\/\/schwabenhilfe.de\/kinder\/sh-data\/uploads\/sc_aktuelles.jpg\" alt=\"\" width=\"900\" height=\"700\" srcset=\"https:\/\/schwabenhilfe.de\/kinder\/sh-data\/uploads\/sc_aktuelles.jpg 900w, https:\/\/schwabenhilfe.de\/kinder\/sh-data\/uploads\/sc_aktuelles-768x597.jpg 768w\" sizes=\"auto, (max-width: 900px) 100vw, 900px\" \/><\/p>\n<p style=\"text-align: center;\"><a class=\"sh-button\" href=\"https:\/\/schwabenhilfe.de\/kinder\/aktuelles\/\">mehr erfahren<\/a><\/p>\n<\/div>\n<div class=\"sh-spec-4colums-inner\">\n<h1>Stellenangebote<\/h1>\n<p><img loading=\"lazy\" decoding=\"async\" class=\"alignnone wp-image-299 size-full\" src=\"https:\/\/schwabenhilfe.de\/kinder\/sh-data\/uploads\/sc_stellenangebote.jpg\" alt=\"\" width=\"900\" height=\"600\" srcset=\"https:\/\/schwabenhilfe.de\/kinder\/sh-data\/uploads\/sc_stellenangebote.jpg 900w, https:\/\/schwabenhilfe.de\/kinder\/sh-data\/uploads\/sc_stellenangebote-768x512.jpg 768w\" sizes=\"auto, (max-width: 900px) 100vw, 900px\" \/><\/p>\n<p style=\"text-align: center;\"><a class=\"sh-button\" href=\"https:\/\/schwabenhilfe.de\/kinder\/stellenangebote\/\">mehr erfahren<\/a><\/p>\n<\/div>\n<div class=\"sh-spec-4colums-inner\">\n<h1>Kontakt<\/h1>\n<p><img loading=\"lazy\" decoding=\"async\" class=\"alignnone wp-image-304 size-full\" src=\"https:\/\/schwabenhilfe.de\/kinder\/sh-data\/uploads\/sc_kontakt.jpg\" alt=\"\" width=\"900\" height=\"647\" srcset=\"https:\/\/schwabenhilfe.de\/kinder\/sh-data\/uploads\/sc_kontakt.jpg 900w, https:\/\/schwabenhilfe.de\/kinder\/sh-data\/uploads\/sc_kontakt-768x552.jpg 768w\" sizes=\"auto, (max-width: 900px) 100vw, 900px\" \/><\/p>\n<p style=\"text-align: center;\"><a class=\"sh-button\" href=\"https:\/\/schwabenhilfe.de\/kinder\/kontakt\/\">mehr erfahren<\/a><\/p>\n<\/div>\n<div class=\"sh-spec-4colums-inner\">\n<h1>Die SVE stellt sich vor<\/h1>\n<p><img loading=\"lazy\" decoding=\"async\" class=\"alignnone wp-image-304 size-full\" src=\"https:\/\/schwabenhilfe.de\/kinder\/sh-data\/uploads\/SVE_Schwaben_Bild-e1695195483627.jpg\" alt=\"\" width=\"900\" height=\"647\" \/><\/p>\n<p style=\"text-align: center;\"><a class=\"sh-button\" href=\"https:\/\/schwabenhilfe.de\/kinder\/sve-schwaben\/&quot;\">mehr erfahren<\/a><\/p>\n<\/div>\n<\/div>\n","protected":false},"excerpt":{"rendered":"<p>Die Schwabenhilfe f\u00fcr Kinder e.V. steht f\u00fcr vorschulische F\u00f6rderung und Integration Angebote mehr erfahren Der Verein &#8211; Wer wir sind mehr erfahren Der Vorstand mehr erfahren Geschichte der SH mehr [&hellip;]<\/p>\n","protected":false},"author":2,"featured_media":0,"parent":0,"menu_order":0,"comment_status":"closed","ping_status":"closed","template":"","meta":{"footnotes":""},"categories":[1],"tags":[],"class_list":["post-8","page","type-page","status-publish","hentry","category-allgemein"],"_links":{"self":[{"href":"https:\/\/schwabenhilfe.de\/kinder\/wp-json\/wp\/v2\/pages\/8","targetHints":{"allow":["GET"]}}],"collection":[{"href":"https:\/\/schwabenhilfe.de\/kinder\/wp-json\/wp\/v2\/pages"}],"about":[{"href":"https:\/\/schwabenhilfe.de\/kinder\/wp-json\/wp\/v2\/types\/page"}],"author":[{"embeddable":true,"href":"https:\/\/schwabenhilfe.de\/kinder\/wp-json\/wp\/v2\/users\/2"}],"replies":[{"embeddable":true,"href":"https:\/\/schwabenhilfe.de\/kinder\/wp-json\/wp\/v2\/comments?post=8"}],"version-history":[{"count":62,"href":"https:\/\/schwabenhilfe.de\/kinder\/wp-json\/wp\/v2\/pages\/8\/revisions"}],"predecessor-version":[{"id":1698,"href":"https:\/\/schwabenhilfe.de\/kinder\/wp-json\/wp\/v2\/pages\/8\/revisions\/1698"}],"wp:attachment":[{"href":"https:\/\/schwabenhilfe.de\/kinder\/wp-json\/wp\/v2\/media?parent=8"}],"wp:term":[{"taxonomy":"category","embeddable":true,"href":"https:\/\/schwabenhilfe.de\/kinder\/wp-json\/wp\/v2\/categories?post=8"},{"taxonomy":"post_tag","embeddable":true,"href":"https:\/\/schwabenhilfe.de\/kinder\/wp-json\/wp\/v2\/tags?post=8"}],"curies":[{"name":"wp","href":"https:\/\/api.w.org\/{rel}","templated":true}]}}

<h1 style="text-align: center;" data-tadv-p="keep">Die Schwabenhilfe für Kinder e.V. steht für vorschulische Förderung und Integration</h1>
<div class="sh-spec-4colums-formart">
<div class="sh-spec-4colums-inner">
<h1>Angebote</h1>
<p><img loading="lazy" decoding="async" class="alignnone size-full wp-image-95" src="https://schwabenhilfe.de/kinder/sh-data/uploads/shortcut_2.jpg" alt="" width="900" height="675" srcset="https://schwabenhilfe.de/kinder/sh-data/uploads/shortcut_2.jpg 900w, https://schwabenhilfe.de/kinder/sh-data/uploads/shortcut_2-768x576.jpg 768w, https://schwabenhilfe.de/kinder/sh-data/uploads/shortcut_2-300x225.jpg 300w" sizes="auto, (max-width: 900px) 100vw, 900px" /></p>
<p style="text-align: center;"><a class="sh-button" href="https://schwabenhilfe.de/kinder/foerderangebote-uebersicht/">mehr erfahren</a></p>
</div>
<div class="sh-spec-4colums-inner">
<h1>Der Verein &#8211; Wer wir sind</h1>
<p><img loading="lazy" decoding="async" class="alignnone size-full wp-image-96" src="https://schwabenhilfe.de/kinder/sh-data/uploads/shortcut_1.jpg" alt="" width="900" height="675" srcset="https://schwabenhilfe.de/kinder/sh-data/uploads/shortcut_1.jpg 900w, https://schwabenhilfe.de/kinder/sh-data/uploads/shortcut_1-768x576.jpg 768w, https://schwabenhilfe.de/kinder/sh-data/uploads/shortcut_1-300x225.jpg 300w" sizes="auto, (max-width: 900px) 100vw, 900px" /></p>
<p style="text-align: center;"><a class="sh-button" href="https://schwabenhilfe.de/kinder/der-verein-wer-wir-sind/">mehr erfahren</a></p>
</div>
<div class="sh-spec-4colums-inner">
<h1>Der Vorstand</h1>
<p><img loading="lazy" decoding="async" class="alignnone wp-image-302 size-full" src="https://schwabenhilfe.de/kinder/sh-data/uploads/sc_der-vorstand.jpg" alt="" width="900" height="600" srcset="https://schwabenhilfe.de/kinder/sh-data/uploads/sc_der-vorstand.jpg 900w, https://schwabenhilfe.de/kinder/sh-data/uploads/sc_der-vorstand-768x512.jpg 768w" sizes="auto, (max-width: 900px) 100vw, 900px" /></p>
<p style="text-align: center;"><a class="sh-button" href="https://schwabenhilfe.de/kinder/der-vorstand/">mehr erfahren</a></p>
</div>
<div class="sh-spec-4colums-inner">
<h1>Geschichte der SH</h1>
<p><img loading="lazy" decoding="async" class="alignnone wp-image-303 size-full" src="https://schwabenhilfe.de/kinder/sh-data/uploads/sc_geschichte_der_sh.jpg" alt="" width="900" height="600" srcset="https://schwabenhilfe.de/kinder/sh-data/uploads/sc_geschichte_der_sh.jpg 900w, https://schwabenhilfe.de/kinder/sh-data/uploads/sc_geschichte_der_sh-768x512.jpg 768w" sizes="auto, (max-width: 900px) 100vw, 900px" /></p>
<p style="text-align: center;"><a class="sh-button" href="https://schwabenhilfe.de/kinder/geschichte-der-schwabenhilfe-fuer-kinder/">mehr erfahren</a></p>
</div>
<div class="sh-spec-4colums-inner">
<h1>Aktuelles</h1>
<p><img loading="lazy" decoding="async" class="alignnone wp-image-300 size-full" src="https://schwabenhilfe.de/kinder/sh-data/uploads/sc_aktuelles.jpg" alt="" width="900" height="700" srcset="https://schwabenhilfe.de/kinder/sh-data/uploads/sc_aktuelles.jpg 900w, https://schwabenhilfe.de/kinder/sh-data/uploads/sc_aktuelles-768x597.jpg 768w" sizes="auto, (max-width: 900px) 100vw, 900px" /></p>
<p style="text-align: center;"><a class="sh-button" href="https://schwabenhilfe.de/kinder/aktuelles/">mehr erfahren</a></p>
</div>
<div class="sh-spec-4colums-inner">
<h1>Stellenangebote</h1>
<p><img loading="lazy" decoding="async" class="alignnone wp-image-299 size-full" src="https://schwabenhilfe.de/kinder/sh-data/uploads/sc_stellenangebote.jpg" alt="" width="900" height="600" srcset="https://schwabenhilfe.de/kinder/sh-data/uploads/sc_stellenangebote.jpg 900w, https://schwabenhilfe.de/kinder/sh-data/uploads/sc_stellenangebote-768x512.jpg 768w" sizes="auto, (max-width: 900px) 100vw, 900px" /></p>
<p style="text-align: center;"><a class="sh-button" href="https://schwabenhilfe.de/kinder/stellenangebote/">mehr erfahren</a></p>
</div>
<div class="sh-spec-4colums-inner">
<h1>Kontakt</h1>
<p><img loading="lazy" decoding="async" class="alignnone wp-image-304 size-full" src="https://schwabenhilfe.de/kinder/sh-data/uploads/sc_kontakt.jpg" alt="" width="900" height="647" srcset="https://schwabenhilfe.de/kinder/sh-data/uploads/sc_kontakt.jpg 900w, https://schwabenhilfe.de/kinder/sh-data/uploads/sc_kontakt-768x552.jpg 768w" sizes="auto, (max-width: 900px) 100vw, 900px" /></p>
<p style="text-align: center;"><a class="sh-button" href="https://schwabenhilfe.de/kinder/kontakt/">mehr erfahren</a></p>
</div>
<div class="sh-spec-4colums-inner">
<h1>Die SVE stellt sich vor</h1>
<p><img loading="lazy" decoding="async" class="alignnone wp-image-304 size-full" src="https://schwabenhilfe.de/kinder/sh-data/uploads/SVE_Schwaben_Bild-e1695195483627.jpg" alt="" width="900" height="647" /></p>
<p style="text-align: center;"><a class="sh-button" href="https://schwabenhilfe.de/kinder/sve-schwaben/&quot;">mehr erfahren</a></p>
</div>
</div>

<p>Die Schwabenhilfe für Kinder e.V. steht für vorschulische Förderung und Integration Angebote mehr erfahren Der Verein &#8211; Wer wir sind mehr erfahren Der Vorstand mehr erfahren Geschichte der SH mehr [&hellip;]</p>
