{"id":176,"date":"2021-03-23T09:04:55","date_gmt":"2021-03-23T08:04:55","guid":{"rendered":"http:\/\/schwabenhilfe.de\/kinder\/?page_id=176"},"modified":"2024-10-02T14:41:58","modified_gmt":"2024-10-02T12:41:58","slug":"diagnose-foerder-klassen-in-der-agnes-wyssach-schule","status":"publish","type":"page","link":"https:\/\/schwabenhilfe.de\/kinder\/diagnose-foerder-klassen-in-der-agnes-wyssach-schule\/","title":{"rendered":"Diagnose-F\u00f6rder-Klassen in der Agnes-Wyssach-Schule"},"content":{"rendered":"<h1 style=\"text-align: center;\" data-tadv-p=\"keep\">Diagnose-F\u00f6rder-Klassen in der Agnes-Wyssach-Schule<\/h1>\n<h5 data-tadv-p=\"keep\">Die Agnes-Wyssach-Schule f\u00f6rdert Kinder in den Entwicklungsbereichen:<\/h5>\n<ul style=\"list-style-type: disc;\">\n<li data-tadv-p=\"keep\">Motorik (Grobmotorik\/ Feinmotorik)<\/li>\n<li data-tadv-p=\"keep\">Wahrnehmung (visuell\/ Wahrnehmung \u00fcber das Auge und auditiv\/ Wahrnehmung \u00fcber das Ohr)<\/li>\n<li data-tadv-p=\"keep\">Sprache<\/li>\n<li data-tadv-p=\"keep\">Konzentrationsf\u00e4higkeit<\/li>\n<li data-tadv-p=\"keep\">im Arbeitsverhalten<\/li>\n<li data-tadv-p=\"keep\">im Sozialverhalten<\/li>\n<\/ul>\n<p><strong>Die Agnes-Wyssach-Schule in Kempten hat ein sehr breit gef\u00e4chertes Angebotsspektrum. Wir fordern Sie auf, direkt die Homepage der Agnes-Wyssach- Schule unter <a href=\"http:\/\/www.sfz-kempten.de\" target=\"_blank\" rel=\"noopener\">www.sfz-kempten.de<\/a> zu besuchen.<\/strong><\/p>\n<h5 data-tadv-p=\"keep\">F\u00f6rderung in Diagnose- und F\u00f6rderklassen<\/h5>\n<p>Die Kinder werden in Klassen mit maximal zw\u00f6lf bzw. 14 Kinder (Klassen 1A und 2) Kindern unterrichtet, in der Regel von einer Sonderschullehrkraft. Sie werden intensiv gef\u00f6rdert und langsam an das Arbeitstempo in der Schule herangef\u00fchrt: der Stoff der 1. Klasse wird in zwei Jahren bearbeitet, d. h. die Kinder haben doppelt so viel Zeit.<\/p>\n<h5 data-tadv-p=\"keep\">R\u00fcckkehr in die Regelschule<\/h5>\n<p>Ziel unserer Arbeit ist die R\u00fcckf\u00fchrung in die Regelschule. Die Diagnose- und F\u00f6rderklassen enden nach drei Jahren. Etwa 40 % unserer Kinder wechseln erfolgreich nach zwei Jahren (nach Abschluss der ersten Klasse) oder drei Jahren (Abschluss der zweiten Klasse) an die Grundschule. Die Kinder mit noch bestehendem oder hohen F\u00f6rderbedarf wechseln in die 3. Klasse des benachbarten staatlichen F\u00f6rderzentrums.<\/p>\n<p>Der sp\u00e4tere Wechsel in die Grund- oder Hauptschule ist auch dann noch m\u00f6glich, wenn sich die Schulleistungen und das Verhalten des Kindes entsprechend entwickeln.<\/p>\n<h5 data-tadv-p=\"keep\">Kontakt<\/h5>\n<p>Agnes-Wyssach-Schule,<br \/>\nprivates sonderp\u00e4dagogisches F\u00f6rderzentrum der Schwabenhilfe f\u00fcr Kinder e. V.<\/p>\n<p>Ostbahnhofstr. 57<\/p>\n<p>87437 Kempten<\/p>\n<p>Telefon: (0831) 7458-4000<\/p>\n<p>E-Mail: info@aws-kempten.de<\/p>\n<p>Schulleitung:<\/p>\n<p>Frau SoRin Sonja M\u00fcller-Eglseer<\/p>\n<p>Frau SoRin Roswitha Keil<\/p>\n<p>Im Sekretariat erreichen Sie Frau Thunitgut und Frau Mayer<\/p>\n","protected":false},"excerpt":{"rendered":"<p>Diagnose-F\u00f6rder-Klassen in der Agnes-Wyssach-Schule Die Agnes-Wyssach-Schule f\u00f6rdert Kinder in den Entwicklungsbereichen: Motorik (Grobmotorik\/ Feinmotorik) Wahrnehmung (visuell\/ Wahrnehmung \u00fcber das Auge und auditiv\/ Wahrnehmung \u00fcber das Ohr) Sprache Konzentrationsf\u00e4higkeit im Arbeitsverhalten [&hellip;]<\/p>\n","protected":false},"author":2,"featured_media":0,"parent":0,"menu_order":0,"comment_status":"closed","ping_status":"closed","template":"","meta":{"footnotes":""},"categories":[1],"tags":[],"class_list":["post-176","page","type-page","status-publish","hentry","category-allgemein"],"_links":{"self":[{"href":"https:\/\/schwabenhilfe.de\/kinder\/wp-json\/wp\/v2\/pages\/176","targetHints":{"allow":["GET"]}}],"collection":[{"href":"https:\/\/schwabenhilfe.de\/kinder\/wp-json\/wp\/v2\/pages"}],"about":[{"href":"https:\/\/schwabenhilfe.de\/kinder\/wp-json\/wp\/v2\/types\/page"}],"author":[{"embeddable":true,"href":"https:\/\/schwabenhilfe.de\/kinder\/wp-json\/wp\/v2\/users\/2"}],"replies":[{"embeddable":true,"href":"https:\/\/schwabenhilfe.de\/kinder\/wp-json\/wp\/v2\/comments?post=176"}],"version-history":[{"count":4,"href":"https:\/\/schwabenhilfe.de\/kinder\/wp-json\/wp\/v2\/pages\/176\/revisions"}],"predecessor-version":[{"id":1601,"href":"https:\/\/schwabenhilfe.de\/kinder\/wp-json\/wp\/v2\/pages\/176\/revisions\/1601"}],"wp:attachment":[{"href":"https:\/\/schwabenhilfe.de\/kinder\/wp-json\/wp\/v2\/media?parent=176"}],"wp:term":[{"taxonomy":"category","embeddable":true,"href":"https:\/\/schwabenhilfe.de\/kinder\/wp-json\/wp\/v2\/categories?post=176"},{"taxonomy":"post_tag","embeddable":true,"href":"https:\/\/schwabenhilfe.de\/kinder\/wp-json\/wp\/v2\/tags?post=176"}],"curies":[{"name":"wp","href":"https:\/\/api.w.org\/{rel}","templated":true}]}}

Diagnose-Förder-Klassen in der Agnes-Wyssach-Schule

<h1 style="text-align: center;" data-tadv-p="keep">Diagnose-Förder-Klassen in der Agnes-Wyssach-Schule</h1>
<h5 data-tadv-p="keep">Die Agnes-Wyssach-Schule fördert Kinder in den Entwicklungsbereichen:</h5>
<ul style="list-style-type: disc;">
<li data-tadv-p="keep">Motorik (Grobmotorik/ Feinmotorik)</li>
<li data-tadv-p="keep">Wahrnehmung (visuell/ Wahrnehmung über das Auge und auditiv/ Wahrnehmung über das Ohr)</li>
<li data-tadv-p="keep">Sprache</li>
<li data-tadv-p="keep">Konzentrationsfähigkeit</li>
<li data-tadv-p="keep">im Arbeitsverhalten</li>
<li data-tadv-p="keep">im Sozialverhalten</li>
</ul>
<p><strong>Die Agnes-Wyssach-Schule in Kempten hat ein sehr breit gefächertes Angebotsspektrum. Wir fordern Sie auf, direkt die Homepage der Agnes-Wyssach- Schule unter <a href="http://www.sfz-kempten.de" target="_blank" rel="noopener">www.sfz-kempten.de</a> zu besuchen.</strong></p>
<h5 data-tadv-p="keep">Förderung in Diagnose- und Förderklassen</h5>
<p>Die Kinder werden in Klassen mit maximal zwölf bzw. 14 Kinder (Klassen 1A und 2) Kindern unterrichtet, in der Regel von einer Sonderschullehrkraft. Sie werden intensiv gefördert und langsam an das Arbeitstempo in der Schule herangeführt: der Stoff der 1. Klasse wird in zwei Jahren bearbeitet, d. h. die Kinder haben doppelt so viel Zeit.</p>
<h5 data-tadv-p="keep">Rückkehr in die Regelschule</h5>
<p>Ziel unserer Arbeit ist die Rückführung in die Regelschule. Die Diagnose- und Förderklassen enden nach drei Jahren. Etwa 40 % unserer Kinder wechseln erfolgreich nach zwei Jahren (nach Abschluss der ersten Klasse) oder drei Jahren (Abschluss der zweiten Klasse) an die Grundschule. Die Kinder mit noch bestehendem oder hohen Förderbedarf wechseln in die 3. Klasse des benachbarten staatlichen Förderzentrums.</p>
<p>Der spätere Wechsel in die Grund- oder Hauptschule ist auch dann noch möglich, wenn sich die Schulleistungen und das Verhalten des Kindes entsprechend entwickeln.</p>
<h5 data-tadv-p="keep">Kontakt</h5>
<p>Agnes-Wyssach-Schule,<br />
privates sonderpädagogisches Förderzentrum der Schwabenhilfe für Kinder e. V.</p>
<p>Ostbahnhofstr. 57</p>
<p>87437 Kempten</p>
<p>Telefon: (0831) 7458-4000</p>
<p>E-Mail: info@aws-kempten.de</p>
<p>Schulleitung:</p>
<p>Frau SoRin Sonja Müller-Eglseer</p>
<p>Frau SoRin Roswitha Keil</p>
<p>Im Sekretariat erreichen Sie Frau Thunitgut und Frau Mayer</p>

<p>Diagnose-Förder-Klassen in der Agnes-Wyssach-Schule Die Agnes-Wyssach-Schule fördert Kinder in den Entwicklungsbereichen: Motorik (Grobmotorik/ Feinmotorik) Wahrnehmung (visuell/ Wahrnehmung über das Auge und auditiv/ Wahrnehmung über das Ohr) Sprache Konzentrationsfähigkeit im Arbeitsverhalten [&hellip;]</p>
