{"id":126,"date":"2021-03-19T18:39:48","date_gmt":"2021-03-19T17:39:48","guid":{"rendered":"http:\/\/schwabenhilfe.de\/kinder\/?page_id=126"},"modified":"2024-08-13T14:42:13","modified_gmt":"2024-08-13T12:42:13","slug":"foerderangebote-uebersicht","status":"publish","type":"page","link":"https:\/\/schwabenhilfe.de\/kinder\/foerderangebote-uebersicht\/","title":{"rendered":"F\u00f6rderangebote &#8211; \u00dcbersicht"},"content":{"rendered":"<h1 style=\"text-align: center;\" data-tadv-p=\"keep\">F\u00f6rderangebote &#8211; \u00dcbersicht<\/h1>\n<p>Die Angebote der Schwabenhilfe f\u00fcr Kinder e.V. richten sich an Kinder mit besonderem F\u00f6rderbedarf in den Entwicklungsbereichen Sprache, Motorik, Kognition, Wahrnehmung, Sozialverhalten und emotionale Entwicklung.<\/p>\n<p>Ziel ist das Erreichen der Schulf\u00e4higkeit und wenn m\u00f6glich der Eintritt bzw. die R\u00fcckkehr in die Regelschule. Dazu bieten wir folgende Einrichtungen und Hilfen an:<\/p>\n<div class=\"sh-spec-3colums-formart\">\n<div class=\"sh-spec-3colums-inner\">\n<h1>Schulvorbereitende Einrichtung<\/h1>\n<p><img loading=\"lazy\" decoding=\"async\" class=\"alignnone wp-image-123 size-medium\" src=\"https:\/\/schwabenhilfe.de\/kinder\/sh-data\/uploads\/slide_foerderangebote_1-1200x800.jpg\" alt=\"\" width=\"1200\" height=\"800\" srcset=\"https:\/\/schwabenhilfe.de\/kinder\/sh-data\/uploads\/slide_foerderangebote_1-1200x800.jpg 1200w, https:\/\/schwabenhilfe.de\/kinder\/sh-data\/uploads\/slide_foerderangebote_1-768x512.jpg 768w, https:\/\/schwabenhilfe.de\/kinder\/sh-data\/uploads\/slide_foerderangebote_1-1536x1024.jpg 1536w, https:\/\/schwabenhilfe.de\/kinder\/sh-data\/uploads\/slide_foerderangebote_1-2048x1366.jpg 2048w, https:\/\/schwabenhilfe.de\/kinder\/sh-data\/uploads\/slide_foerderangebote_1-300x200.jpg 300w\" sizes=\"auto, (max-width: 1200px) 100vw, 1200px\" \/><\/p>\n<p style=\"text-align: center;\"><a class=\"sh-button\" href=\"https:\/\/schwabenhilfe.de\/kinder\/schulvorbereitende-einrichtung\/\">mehr erfahren<\/a><\/p>\n<\/div>\n<div class=\"sh-spec-3colums-inner\">\n<h1>Mobile sonderp\u00e4dagogische Hilfen<\/h1>\n<p><img loading=\"lazy\" decoding=\"async\" class=\"alignnone wp-image-310 \" src=\"https:\/\/schwabenhilfe.de\/kinder\/sh-data\/uploads\/sc_mobile_hilfen.jpg\" alt=\"\" width=\"821\" height=\"575\" \/><\/p>\n<p style=\"text-align: center;\"><a class=\"sh-button\" href=\"https:\/\/schwabenhilfe.de\/kinder\/mobile-sonderpaedagogische-hilfen\/\">mehr erfahren<\/a><\/p>\n<\/div>\n<div class=\"sh-spec-3colums-inner\">\n<h1><\/h1>\n<p style=\"text-align: center;\">\n<\/div>\n<div class=\"sh-spec-3colums-inner\">\n<h1><\/h1>\n<h1><\/h1>\n<h1>Simpertschule<\/h1>\n<p><img loading=\"lazy\" decoding=\"async\" class=\"alignnone wp-image-307 size-full\" src=\"https:\/\/schwabenhilfe.de\/kinder\/sh-data\/uploads\/sc_simpertschule.jpg\" alt=\"\" width=\"900\" height=\"528\" srcset=\"https:\/\/schwabenhilfe.de\/kinder\/sh-data\/uploads\/sc_simpertschule.jpg 900w, https:\/\/schwabenhilfe.de\/kinder\/sh-data\/uploads\/sc_simpertschule-768x451.jpg 768w\" sizes=\"auto, (max-width: 900px) 100vw, 900px\" \/><\/p>\n<p style=\"text-align: center;\"><a class=\"sh-button\" href=\"https:\/\/schwabenhilfe.de\/kinder\/simpertschule-sozialpaedagogische-tagesstaette\/\">mehr erfahren<\/a><\/p>\n<\/div>\n<div class=\"sh-spec-3colums-inner\">\n<h1>Diagnose-F\u00f6rder-Klassen in der<br \/>\nAgnes-Wyssach-Schule<\/h1>\n<p><img loading=\"lazy\" decoding=\"async\" class=\"alignnone wp-image-318 size-full\" src=\"https:\/\/schwabenhilfe.de\/kinder\/sh-data\/uploads\/sc_Agnes-Wyssach-Schule2.jpg\" alt=\"\" width=\"900\" height=\"630\" \/><\/p>\n<p style=\"text-align: center;\"><a class=\"sh-button\" href=\"https:\/\/schwabenhilfe.de\/kinder\/diagnose-foerder-klassen-in-der-agnes-wyssach-schule\/\">mehr erfahren<\/a><\/p>\n<\/div>\n<div class=\"sh-spec-3colums-inner\">\n<h1><\/h1>\n<h1>Alle Angebote nach Orten<\/h1>\n<p><img loading=\"lazy\" decoding=\"async\" class=\"alignnone wp-image-143 size-medium\" src=\"https:\/\/schwabenhilfe.de\/kinder\/sh-data\/uploads\/angebote_nach_orten_maps-1200x800.jpg\" alt=\"\" width=\"1200\" height=\"800\" \/><\/p>\n<p style=\"text-align: center;\"><a class=\"sh-button\" href=\"https:\/\/www.google.com\/maps\/d\/viewer?mid=1r0h7ZzaKMnnC7yKfQs_yfItWuYUi9fD5&amp;ll=48.21045883194877%2C10.515542049999986&amp;z=8\" target=\"_blank\" rel=\"noopener\">mehr erfahren<\/a><\/p>\n<\/div>\n<\/div>\n","protected":false},"excerpt":{"rendered":"<p>F\u00f6rderangebote &#8211; \u00dcbersicht Die Angebote der Schwabenhilfe f\u00fcr Kinder e.V. richten sich an Kinder mit besonderem F\u00f6rderbedarf in den Entwicklungsbereichen Sprache, Motorik, Kognition, Wahrnehmung, Sozialverhalten und emotionale Entwicklung. Ziel ist [&hellip;]<\/p>\n","protected":false},"author":2,"featured_media":0,"parent":0,"menu_order":0,"comment_status":"closed","ping_status":"closed","template":"","meta":{"footnotes":""},"categories":[1],"tags":[],"class_list":["post-126","page","type-page","status-publish","hentry","category-allgemein"],"_links":{"self":[{"href":"https:\/\/schwabenhilfe.de\/kinder\/wp-json\/wp\/v2\/pages\/126","targetHints":{"allow":["GET"]}}],"collection":[{"href":"https:\/\/schwabenhilfe.de\/kinder\/wp-json\/wp\/v2\/pages"}],"about":[{"href":"https:\/\/schwabenhilfe.de\/kinder\/wp-json\/wp\/v2\/types\/page"}],"author":[{"embeddable":true,"href":"https:\/\/schwabenhilfe.de\/kinder\/wp-json\/wp\/v2\/users\/2"}],"replies":[{"embeddable":true,"href":"https:\/\/schwabenhilfe.de\/kinder\/wp-json\/wp\/v2\/comments?post=126"}],"version-history":[{"count":33,"href":"https:\/\/schwabenhilfe.de\/kinder\/wp-json\/wp\/v2\/pages\/126\/revisions"}],"predecessor-version":[{"id":1562,"href":"https:\/\/schwabenhilfe.de\/kinder\/wp-json\/wp\/v2\/pages\/126\/revisions\/1562"}],"wp:attachment":[{"href":"https:\/\/schwabenhilfe.de\/kinder\/wp-json\/wp\/v2\/media?parent=126"}],"wp:term":[{"taxonomy":"category","embeddable":true,"href":"https:\/\/schwabenhilfe.de\/kinder\/wp-json\/wp\/v2\/categories?post=126"},{"taxonomy":"post_tag","embeddable":true,"href":"https:\/\/schwabenhilfe.de\/kinder\/wp-json\/wp\/v2\/tags?post=126"}],"curies":[{"name":"wp","href":"https:\/\/api.w.org\/{rel}","templated":true}]}}

Förderangebote &#8211; Übersicht

<h1 style="text-align: center;" data-tadv-p="keep">Förderangebote &#8211; Übersicht</h1>
<p>Die Angebote der Schwabenhilfe für Kinder e.V. richten sich an Kinder mit besonderem Förderbedarf in den Entwicklungsbereichen Sprache, Motorik, Kognition, Wahrnehmung, Sozialverhalten und emotionale Entwicklung.</p>
<p>Ziel ist das Erreichen der Schulfähigkeit und wenn möglich der Eintritt bzw. die Rückkehr in die Regelschule. Dazu bieten wir folgende Einrichtungen und Hilfen an:</p>
<div class="sh-spec-3colums-formart">
<div class="sh-spec-3colums-inner">
<h1>Schulvorbereitende Einrichtung</h1>
<p><img loading="lazy" decoding="async" class="alignnone wp-image-123 size-medium" src="https://schwabenhilfe.de/kinder/sh-data/uploads/slide_foerderangebote_1-1200x800.jpg" alt="" width="1200" height="800" srcset="https://schwabenhilfe.de/kinder/sh-data/uploads/slide_foerderangebote_1-1200x800.jpg 1200w, https://schwabenhilfe.de/kinder/sh-data/uploads/slide_foerderangebote_1-768x512.jpg 768w, https://schwabenhilfe.de/kinder/sh-data/uploads/slide_foerderangebote_1-1536x1024.jpg 1536w, https://schwabenhilfe.de/kinder/sh-data/uploads/slide_foerderangebote_1-2048x1366.jpg 2048w, https://schwabenhilfe.de/kinder/sh-data/uploads/slide_foerderangebote_1-300x200.jpg 300w" sizes="auto, (max-width: 1200px) 100vw, 1200px" /></p>
<p style="text-align: center;"><a class="sh-button" href="https://schwabenhilfe.de/kinder/schulvorbereitende-einrichtung/">mehr erfahren</a></p>
</div>
<div class="sh-spec-3colums-inner">
<h1>Mobile sonderpädagogische Hilfen</h1>
<p><img loading="lazy" decoding="async" class="alignnone wp-image-310 " src="https://schwabenhilfe.de/kinder/sh-data/uploads/sc_mobile_hilfen.jpg" alt="" width="821" height="575" /></p>
<p style="text-align: center;"><a class="sh-button" href="https://schwabenhilfe.de/kinder/mobile-sonderpaedagogische-hilfen/">mehr erfahren</a></p>
</div>
<div class="sh-spec-3colums-inner">
<h1></h1>
<p style="text-align: center;">
</div>
<div class="sh-spec-3colums-inner">
<h1></h1>
<h1></h1>
<h1>Simpertschule</h1>
<p><img loading="lazy" decoding="async" class="alignnone wp-image-307 size-full" src="https://schwabenhilfe.de/kinder/sh-data/uploads/sc_simpertschule.jpg" alt="" width="900" height="528" srcset="https://schwabenhilfe.de/kinder/sh-data/uploads/sc_simpertschule.jpg 900w, https://schwabenhilfe.de/kinder/sh-data/uploads/sc_simpertschule-768x451.jpg 768w" sizes="auto, (max-width: 900px) 100vw, 900px" /></p>
<p style="text-align: center;"><a class="sh-button" href="https://schwabenhilfe.de/kinder/simpertschule-sozialpaedagogische-tagesstaette/">mehr erfahren</a></p>
</div>
<div class="sh-spec-3colums-inner">
<h1>Diagnose-Förder-Klassen in der<br />
Agnes-Wyssach-Schule</h1>
<p><img loading="lazy" decoding="async" class="alignnone wp-image-318 size-full" src="https://schwabenhilfe.de/kinder/sh-data/uploads/sc_Agnes-Wyssach-Schule2.jpg" alt="" width="900" height="630" /></p>
<p style="text-align: center;"><a class="sh-button" href="https://schwabenhilfe.de/kinder/diagnose-foerder-klassen-in-der-agnes-wyssach-schule/">mehr erfahren</a></p>
</div>
<div class="sh-spec-3colums-inner">
<h1></h1>
<h1>Alle Angebote nach Orten</h1>
<p><img loading="lazy" decoding="async" class="alignnone wp-image-143 size-medium" src="https://schwabenhilfe.de/kinder/sh-data/uploads/angebote_nach_orten_maps-1200x800.jpg" alt="" width="1200" height="800" /></p>
<p style="text-align: center;"><a class="sh-button" href="https://www.google.com/maps/d/viewer?mid=1r0h7ZzaKMnnC7yKfQs_yfItWuYUi9fD5&amp;ll=48.21045883194877%2C10.515542049999986&amp;z=8" target="_blank" rel="noopener">mehr erfahren</a></p>
</div>
</div>

<p>Förderangebote &#8211; Übersicht Die Angebote der Schwabenhilfe für Kinder e.V. richten sich an Kinder mit besonderem Förderbedarf in den Entwicklungsbereichen Sprache, Motorik, Kognition, Wahrnehmung, Sozialverhalten und emotionale Entwicklung. Ziel ist [&hellip;]</p>
